 (-17 - 33) + -6 + 30?
-24
What is 31 - 13 - (-12 - ((10 - 56) + -18))?
-34
What is the value of (13 + -35 + (4 + 9 - 0) - 108) + -6?
-123
Calculate (36 - (-7 - -8)) + (83 - 93).
25
Calculate -19 + (-20 - -17) + -67.
-89
Calculate 2 + -92 + (0 - (60 + -28 - 20)).
-102
What is -118 + 126 - (-80 + 13 + 2)?
73
Calculate 1 - (56 + (-5 - (15 + -21 - -8))).
-48
(-96 - -106) + -31 + 6 + -1
-16
What is the value of 3 - (3 + 3 + -16) - (-90 + -18 + 7)?
114
43 + (-116 - -81) - -84
92
Calculate -110 + (37 + 36 + -62 - -8).
-91
What is -35 - (43 - 39) - -8 - 42?
-73
Calculate (35 - (68 - (-3 + 40))) + 0 + 6.
10
Evaluate (53 - -74) + -40 + -145.
-58
What is 34 + (-93 - -109 - (29 - 0))?
21
What is 113 - (-450 + 444 + (32 - -2))?
85
What is -33 + (4 - (24 + -40)) - (0 + -140)?
127
What is (-70 - (82 + -250)) + -162?
-64
What is -8 + (-11 - (11 + -19 + 6)) + 4?
-13
Evaluate -2 + -14 + 13 - (-1 - -30 - 1).
-31
What is -95 + -2 + (2 - (-8 - -6))?
-93
What is -20 + (10 - 1) - ((2 - (-11 - -3)) + -52)?
31
Evaluate -36 + 2 + 0 + 2 + -3 + -1110 + 1104.
-41
What is (-107 - -22) + 46 - 4 - -81?
38
What is the value of (-15 - -34) + -11 + (5 + -6 - 35)?
-28
What is 36 - (17 + -8 - -5) - (5 - -11) - -20?
26
(483 - 470) + (-7 - -5) + -5 + -5
1
19 - (2 + -19 - (23 + (-41 - -13)))
31
What is the value of -102 + (4 + 45 + -53 - -32)?
-74
(9 - 5) + -27 - -4 - (148 - 139)
-28
Calculate (-4 - 14) + 40 + -32 + 34.
24
Evaluate -59 + 59 + 23 - (1 + 0).
22
2 + 6 + -4 + -7 + -31 - (13 - 24)
-23
Evaluate -33 + 18 + (-3 - -15).
-3
What is the value of (-6 + 13 - 7) + -12 + -14 + 6?
-20
What is the value of -2102 + 2110 + 1 + 39?
48
What is -25 - -7 - (-3 + 13 + -61 + 27)?
6
Evaluate 8 + (-6 + 11 - 3 - (-49 - -40)).
19
Evaluate 19 - (-15 - (-47 + 23)) - 25 - (13 + 0).
-28
What is (-20 + 12 - 6) + -8 + 10?
-12
What is the value of 69 + -1 + (-103 - -78) + (11 - -1)?
55
What is -19 + 0 - (-42 - (-171 + 110))?
-38
Evaluate -1 - (10 + 14 + 23 + -3 + -10).
-35
Evaluate (8 - 14) + -8 + 27 - (0 - -58).
-45
Evaluate (0 - (-3 + 1)) + -26 + (51 - 34).
-7
-4 + 39 + -4 - (103 + -100)
28
What is 0 + 61 + (2 - -10) + (12 + 6 - 22)?
69
What is the value of -19 + -3 + (16 - 2 - (119 + 4))?
-131
What is (0 - 3 - -31) + -3961 + 3978?
45
What is -2 + 159 + (-4358 - -4320)?
119
-262 + 278 - (87 + 15)
-86
-135 + 112 - (-19 + 3)
-7
Evaluate 47 - (12 + -6 + 2 + 8 + -29 - -7).
53
Calculate -13 - (10 + 28 + -4).
-47
9 + 63 - 84 - 62
-74
What is the value of (2 - (20 - 12)) + 6 - 14?
-14
What is the value of (-1 - -27) + (4 - -17) - (0 - (7 - 2))?
52
What is the value of 8 - 17 - (26 + (-11 + 8 - -2))?
-34
Evaluate ((-11 - 3) + 26 - 12) + 47.
47
What is the value of -99 - (-285 - -269 - ((2 - 3) + -11))?
-95
Evaluate 1 + 2 + (114 - 125) + (42 - 27).
7
Evaluate -20 - (-23 + -44 + 54).
-7
(0 - -38) + 534 + -565 + 45
52
What is the value of -132 + 1 - (315 + -144 + -186)?
-116
121 + -32 + 14 + -62
41
(7 + -20 + 5 - 13) + 12 + 0 + -60
-69
What is -6 - -20 - -40 - (17 + -6 - 5)?
48
What is the value of -232 + 180 - -78 - (0 + 121)?
-95
What is the value of (-39 + -40 + 45 - (0 - 14)) + -13?
-33
What is the value of (-12 - (7 - 5)) + 169 + -140 + 19?
34
Evaluate 5 + (0 - -9) + 1 + 1720 + -1643.
92
Calculate -82 + 76 + 79 + -140.
-67
Calculate 2321 + -2409 - (-1 - (37 + 7)).
-43
Evaluate -41 + (-5 - 1) - (-308 - -138).
123
What is the value of 4 + (-5 - 12) - (196 - 270) - 13?
48
0 + (34 - 1) + -3 + (-25 - 8) + 32
29
Evaluate (-34 - -26) + 24 + 3 - 30.
-11
Evaluate 0 + -42 - (21 + (3 - (25 - -6))).
-35
Evaluate (-10 - (-13 + 21 + -11 + 3)) + 11 - -57.
58
-6 - 1 - (-4 + 12) - -5
-10
Calculate 42 + (17 - (-260 + 257 + 6 + 1)).
55
What is 0 - (-23 + 43 + -8) - -22 - (-1 + 75)?
-64
Evaluate 43 + -53 + 18 + -17.
-9
What is (0 - 7 - (6 + -11)) + (-517 - -418)?
-101
Evaluate -6 - 0 - ((20 - -7) + -12 + 17 + -6).
-32
What is -13 + (22 - (-3 + 14)) - -9 - 6?
1
What is the value of (22 - 14) + -99 + (30 - 24) + -7?
-92
-1 + 34 + 32 + -30 + -89
-54
What is the value of -48 - (3 + -3) - ((81 - 31) + -69)?
-29
What is 18 - (-53 + (-19 - -98))?
-8
What is -14 + (183 + -189 - (-2 + 2 - -84))?
-104
What is (312 - 298) + -3 + -1 + (0 - 1 - 85)?
-76
Calculate 14 + (-15 - (14 + -12)) - -4 - (-3 + -85).
89
Calculate -5 - (15 + 9 + -12 + -1 - (-6 - -32)).
10
What is 28 - (-68 + 37) - 57?
2
What is the value of (-3 - (-1 + -45)) + 607 + -585?
65
What is the value of (-2 - 13) + (-1408 - -1491)?
68
(127 - 115) + 36 + -2 - (0 + 12)
34
What is -42 + 2 + -12 + (134 - 144)?
-62
-44 + -3 + (-5 + 9 - -1 - (1 - -14))
-57
Evaluate -18 - 1 - ((-60 + 29 - -11) + -1).
2
Evaluate -154 + -46 + (45 - -78).
-77
(0 - (-80 - -38 - -26)) + (1 - 126)
-109
Calculate (10 - (2 + -3)) + (-13 + -3 - -1) - -62.
58
Calculate 26 - (-3 + -4 - (0 + -24 + 3)).
12
What is the value of -25 + (12 - 59) - -22?
-50
Calculate 42 - (103 + -165) - 137.
-33
-8 + (9 - (11 - 3)) - (5 - 11) - -2
1
Calculate 30 + -65 + 35 + -14.
-14
What is -68 + 154 - 71 - (-1 - 25) - -9?
50
What is (-3 - 56) + (187 - 180) + (1 - 2) + 2?
-51
What is the value of 17 - (-10 + 39 + -16 + 12)?
-8
28 - (0 + -1) - (133 - 197 - -80)
13
What is (147 - 133) + (-25 - 2)?
-13
What is the value of -40 - (-433 + 414 - (2 - 37))?
-56
Evaluate -291 - -364 - ((-2 - -30) + -2).
47
Calculate -109 + (10 - 4 - (-6 - -12)) + (-141 - -145).
-105
Calculate 17 + -3 - (46 + -68 + 53).
-17
Calculate (33 - -47) + -11 + -60.
9
What is -2 + 13 + -17 + 34 + (-106 - -30)?
-48
What is -133 + (74 + 105 - 103)?
-57
(0 + 6 - (-31 + 44)) + (5 - (-2 - 78))
78
Evaluate 118 - (-26 + 293 + -309 + (40 - 2)).
122
What is the value of 44 + (-23 - (133 - -15 - 43))?
-84
Calculate -2 + 1 + 15 + 21 + (-7 - -3).
31
What is the value of -44 + (-29 - -45) + 29?
1
What is the value of -5 + 4 + -6 - (-191 + 206)?
-22
What is (579 - 529) + (-8 - (-1 - (5 + -3)))?
45
Evaluate -16 - (-15 + -9 + 18) - 5 - 82.
-97
Evaluate -34 - (15 + (-27 - (-35 - -12))).
-45
Calculate -3 - -1 - -74 - (-3004 + 3028).
48
Evaluate 15 + (53 - 86 - (99 + -23)).
-94
What is the value of -94 - ((-177 - -110) + 60)?
-87
What is the value of -55 + (79 - (-82 - -99))?
7
What is -364 + 344 - (7 - (2 + -4))?
-29
What is 63 - (-29 - (6 + -56 + 34))?
76
63 - (56 + 77 + -92)
22
What is the value of -11 - (39 + (-25 - (4 - 12)))?
-33
Evaluate 2 + (1 - ((18 - 8) + -11 - -3)) + -23.
-22
Calculate 7803 + -7896 + -2 + -11.
-106
Calculate -20 - 14 - -62 - -33.
61
What is -87 + 12 + -18 + -5 + 17 + 4?
-77
(225 - 98) + (-63 - 19)
45
What is the value of 61 + -64 + -3 - (-136 + (-2 - -3 - 0))?
129
What is (-14 - -5) + -15 + 5 + 14?
-5
Calculate 17 + -55 + 0 + -9 + (11 - (-5 + 11)).
-42
Calculate (3 + -44 - -46) + (16 - 1) + 2 + -2.
20
Evaluate (53 - -1) + (-110 - -17).
-39
Calculate 0 + 20 - (-9 + 45) - (-10 + -2).
-4
((-30 - (-36 + 19)) + 4 - 1) + 8
-2
What is (-27 + -4 + 6 - -10) + 85 + -7?
63
Evaluate 2617 + -2633 + 0 + -3 + -36 + 4.
-51
Evaluate 69 + (-31 - 100) + 50.
-12
Calculate (-6 - -3) + (26 - ((6 - -65) + 9)).
-57
-75 - (-56 + 5 + 0)
-24
-36 - (12 + -33) - (-27 + 10 - 3)
5
What is the value of 4 + 0 - (-5 + -6 + 31 + -50)?
34
Evaluate -61 - (1 - (-20 + 32) - (-14 + 3)).
-61
(-8 + 6 - -14) + -20 - (-6 - -2) - -24
20
Evaluate -6 + 66 - (-33 + (-26 - -61)).
58
Evaluate (70 + -79 - (49 - -48)) + -1 + -2.
-109
What is the value of (13 - 109 - -33) + 13?
-50
Evaluate -2 - -12 - -3 - (-40 - (-15 - -8)).
46
What is the value of -35 + 63 - (210 + -125)?
-57
Evaluate (16 - (13 - (-4 + 24) - -16)) + 67.
74
What is the value of -3 + 1 + -34 - (101 + -117)?
-20
Calculate -23 - (-204 - (-99 + 3)).
85
What is the value of -1 + -4 + 24 - -70 - 17?
72
What is the value of -57 - (-105 - (19 - 72))?
-5
40 - 29 - -26 - (-20 - 3)
60
Evaluate 5 + (4 - (-4 + 21 - 23)) + (-1 - 73).
-59
Calculate 20 - (-33 + 51) - (11 - -9).
-18
(-54 + 2 - -3) + 1058 + -1054
-45
(-37 - (67 + -18 + -23)) + (16 - 0)
-47
What is (-80 - -25) + (-8 - (1 + -12))?
-52
57 + -25 + -11 + -5 - -55
71
Evaluate -5 + 12 + -3 + (12 + (32 - -15) - -12).
75
Calculate -20 - (-40 + -61 - 17 - -5).
93
Calculate -11 + (1 + -11 - (-106 - -122)) + 13.
-24
26 + 20 + 5 - 15
36
What is the value of -1 - (-9 + -20) - 19?
9
Calculate -46 - -45 - (103 - (4 + -7 + 13 + -6)).
-100
What is the value of -23 + 32 + 11 + (2 - (9 - 66))?
79
What is 